emainder when r is divided by 1*-16 + -80 + 145 + -46.
0
Calculate the remainder when 2256 is divided by 120 + (-18)/30*250/(-30).
6
Suppose -89*s + 24 = -91*s. Calculate the remainder when (-3357)/(-6)*(-8)/s is divided by 47.
44
Let g(l) = -576 - 2*l + 3*l + 589. Suppose -2*f = u + u + 22, 2*f - u = -10. What is the remainder when 14 is divided by g(f)?
2
Let j = -49 + 53. Suppose 0 = j*g - 20 - 8. Calculate the remainder when -3 + (-69)/(-21) - (-516)/g is divided by 19.
17
What is the remainder when (0 - 8/12)*1006413/(-206) is divided by 142?
133
Suppose 780 = 10*o - 340. Let n be o/(-20)*(4 + 6). What is the remainder when -1 + 9/7 - 1048/n is divided by 11?
8
Let v = 91763 - 91748. Suppose 3*p - 1398 = 801. What is the remainder when p is divided by v?
13
Suppose -12*t - 2574 - 462 = 0. Let h = -246 - t. What is the remainder when 46 is divided by h?
4
Suppose -336835 - 504125 = -146*b. Calculate the remainder when b is divided by 131.
127
Suppose -2*g + 142 = 4*p - 3*p, -5*p - 49 = -g. Let b = g + -67. Suppose 0 = v - l - 64, 0*l + 252 = 4*v - b*l. What is the remainder when v is divided by 21?
20
Let k(f) = 51*f**3 + 2*f**2 + 2*f. Let i be k(-2). Let l = i + 573. Calculate the remainder when l is divided by 60.
49
Let z = -16 + 19. Suppose b - 49 = -h, -h + 171 = z*b - 6*h. Suppose 7*i - 206 + 3 = 0. Calculate the remainder when b is divided by i.
23
What is the remainder when 207 is divided by 36/3 + (-2805)/(-51)?
6
Let p(t) = -t**2 + 13*t + 9. Let z = 122 - 44. What is the remainder when z is divided by p(12)?
15
Let r = 349 - -92. Calculate the remainder when 48 is divided by 12446/r - (-2)/(-9).
20
Let j = -134 - -194. What is the remainder when 299 is divided by j/(-150)*150/(-1)?
59
Suppose 4*s - 109 - 87 = 0. Suppose -155*h + 156*h - 98 = -3*q, -q + 4*h = 15. What is the remainder when s is divided by q?
20
Suppose 0*b - 3*b = 5*i - 206, -4*i - 2*b + 166 = 0. Let d = -3763 - -3882. What is the remainder when d is divided by i?
33
Let y = 14727 - 14441. What is the remainder when y is divided by 85?
31
Suppose -2*x = 3*g - 19, -6 = -5*g - 2*x + 19. Calculate the remainder when (g/(-5))/(138/(-47380)) is divided by 23.
22
Suppose -160 = -9*j + 5*j. Let r = 3273 + -3269. What is the remainder when j is divided by r?
0
Suppose 44 = 2*y - 5*x, 3*x + 32 - 87 = -y. Calculate the remainder when 215 is divided by y.
30
Suppose 52*v + 764 - 8012 = 4*v. Calculate the remainder when 286 is divided by v.
135
Let p be 24/9 - 3 - 30/(-9). Suppose -2*f + 20 = 2*q - 144, p*f + 12 = 0. What is the remainder when q is divided by 15?
11
Suppose -5*h - 959 = -12*h. Suppose 4 = -4*t, -23*k + 5*t = -20*k - h. What is the remainder when k is divided by 6?
2
Suppose -634 = -19*u + 373. Calculate the remainder when u is divided by 14.
11
Let j = 27 - 23. Let a(u) = -u**3 + 2*u**2 + 13*u - 5. Calculate the remainder when a(j) is divided by 10.
5
Let s(j) = 4*j - 1. Let a be s(3). Suppose -5*v + 6 = a. Calculate the remainder when 16 is divided by (-1)/v + 12/(8 + -6).
2
Let f(p) = -p**2 - 9*p - 1. Let r be f(-17). Let v = 115 + r. What is the remainder when 11 is divided by 3/(-1 + 2) + (v - -22)?
2
Suppose 0 = -79*g + 5365 + 10119. What is the remainder when g is divided by 71?
54
Let c(q) = -q**2 + 58*q + 758. Let l be c(69). Let r(j) = 5*j**2 - 7*j - 5. Let n be r(6). What is the remainder when l + 1 + n + 13 is divided by 30?
26
Let k be 4/14 - ((-608)/28 - -11). Suppose 2*v = 3*o - 1401, 8*o - k*o - 4*v = -1419. What is the remainder when o is divided by 47?
46
Suppose -2*i + 735 = -4*h + 2451, 423 = h - 2*i. Calculate the remainder when h is divided by 104.
15
Suppose i - 1 = 0, -18 = -3*u + 3*i - 6*i. Suppose -52 - 38 = -u*r. Calculate the remainder when -159*(2/6)/(-1) is divided by r.
17
Suppose s + 1246 = -6*s. Let d = -94 - s. What is the remainder when d is divided by 22?
18
Suppose -18*w + 3699 + 38925 = 0. Calculate the remainder when w is divided by 103.
102
Suppose 4*l - 165 = 5*l. Let p = l - -218. What is the remainder when 158 is divided by p?
52
Let m = -1361 - -2049. Let r = -680 + m. Suppose -2*p + 1 = 3*f, -f = 2*p - 3 - 4. Calculate the remainder when r is divided by p.
3
Calculate the remainder when (2 - 11/3)/((-70)/18270) is divided by 237.
198
Suppose -22 = -6*d + 8. Suppose 1 = b, 2*u = -d*b - 0 + 33. Suppose -20 = -4*k + 3*t + 5, t = -5*k + 17. What is the remainder when u is divided by k?
2
Let v(d) = 6*d**2 + 2*d + 3. Let b be 3*(945/(-175))/(1/(-30)). Let y = -458 + b. What is the remainder when v(-3) is divided by y?
23
Suppose 208 = 7*p - 79. Calculate the remainder when 122 is divided by p.
40
Suppose -z + 0*z + 2 = 0, 5*j + 4*z = 33. Suppose 11*r = -2*i + 9*r + 46, 5*r = 5*i - 95. What is the remainder when (-1)/j + (-2002)/(-35) is divided by i?
15
Let l(m) = -m**3 + 21*m**2 + 25*m - 62. What is the remainder when 77 is divided by l(22)?
1
Suppose 16*w - 7832 = 7912. What is the remainder when w is divided by 47?
44
Suppose -15*b - 27 + 132 = 0. What is the remainder when ((-2)/2)/(2/(-26)) is divided by b?
6
Suppose -z - 59 = 2*n - 5*n, 3*z - 51 = -3*n. Let u = 50 - 47. Suppose -u*y - y = -216. Calculate the remainder when y is divided by n.
16
Suppose -d - 2528 + 353 = -88*d. Calculate the remainder when 11621 is divided by d.
21
Suppose 265*p = 261*p + 192. Suppose 6*s - 895 = -331. Calculate the remainder when s is divided by p.
46
Suppose -157 = -4*w - 9. Let o be 32/(-24)*(-57)/2. Let m = 46 - o. What is the remainder when w is divided by m?
5
Let w(o) = 4*o**2 - o**2 - 2*o**2 + 26 + 13*o. Suppose 2*c = 4*c + 22. What is the remainder when 19 is divided by w(c)?
3
Suppose -8*m = -m - 14. Suppose -70 = -4*z + m*r, 5*z = 7*z - 3*r - 37. Let i(b) = 6*b - 8. Calculate the remainder when i(12) is divided by z.
13
Let g = 3624 - 2785. What is the remainder when g is divided by 68?
23
Let c = 297 + -165. Calculate the remainder when c/2 - (-2 - -2) is divided by 23.
20
What is the remainder when ((-1399248)/432)/((3/6)/(1/(-2))) is divided by 108?
107
Let q(y) = y**3 + 8*y**2 + 38*y + 55. What is the remainder when 63 is divided by q(-2)?
0
Let k(m) = -1215*m - 10667. Calculate the remainder when 1290 is divided by k(-9).
218
Let g be (36/48)/(2*1/48). Let h(y) = y**3 - 18*y**2 - y + 23. Let u be h(g). Let p = u - -10. Calculate the remainder when 26 is divided by p.
11
Suppose -3*z + 5*c = 404 + 569, 2*z + 4*c + 656 = 0. Let x = 337 + z. What is the remainder when 52 is divided by x?
8
What is the remainder when 163 is divided by (26 + 2730/(-117))/((-4)/(-174))?
47
Let b(v) = 3*v**2 - 3*v - 104 + 43 + 14*v + 47 - 4*v**2. Suppose 22 = 4*f - 3*n + n, -5*f - n + 24 = 0. What is the remainder when 31 is divided by b(f)?
15
Let z be ((-2)/8)/(7/(-140)). Suppose -z*n = 0, -8*s + 6*s - 2*n = -8. Calculate the remainder when 86/3*-5*(-12)/40 is divided by s.
3
Suppose -1547*j = -1543*j - 228. What is the remainder when 191 is divided by j?
20
Let j(r) = -168*r - 378. Let x be j(-4). Let a(y) = y**2 - y - 1. Let g be a(3). Suppose g*h - x = -2*h. Calculate the remainder when h is divided by 15.
12
Let m be 7 - (-1734 - (-45)/(-5)). Suppose 30*f + 5*f = m. Calculate the remainder when 172 is divided by f.
22
Let p(n) = 22*n - 22. Let x be p(1). Suppose 6*b + 5*b - 286 = x. Calculate the remainder when 284 is divided by b.
24
Suppose -9*g = -5*g - 344. Suppose -366 = 2*x + 3*v + 2*v, 3*v = -2*x - 362. What is the remainder when g is divided by x/(-8) - (-15)/(-60)?
20
Suppose 1438*o - 21222 = 721*o + 699*o. Calculate the remainder when o is divided by 111.
69
Let v(g) = -2*g**3 + 2*g**2 + 7*g**2 + 8*g - 2*g**3 + 5*g**3 + 12. Let a be v(-8). Suppose 89 = a*f + 5. Calculate the remainder when 34 is divided by f.
6
Let r be (1/(-2))/(2/16) + 23. Suppose 17*t - r*t + 76 = 0. Calculate the remainder when 103 is divided by t.
27
Let t be (-244)/((2/(-5))/((-8)/10)). Let g be t/(-12) + 3/9. Suppose g*m = 36*m + 150. Calculate the remainder when m is divided by 16.
14
What is the remainder when -8 + ((-8)/12)/((-2)/15855) is divided by 80?
77
Suppose 2*n - 9 = 5*n. Let y(o) = -6*o - 5. Let p be y(n). Let d = p + -4. What is the remainder when d is divided by 5?
4
Let o(c) = 11*c**2 - 55*c - 7. Calculate the remainder when 302 is